 + 25027. Calculate the greatest common divisor of 312 and m.
39
Suppose -25*r - 1676 = -3376. What is the greatest common divisor of 578 and r?
34
Suppose 4*h - 2*f + 57 = 9*h, 5*f = 3*h + 3. What is the greatest common factor of 11763 and h?
9
Suppose -5*t = 4*m - 294, -7*t = -3*t - 5*m - 268. Suppose -2*i + t = -2*s, -2*i + s - 6*s + 27 = 0. Calculate the greatest common divisor of i and 182.
26
Suppose g + 5*b = 10, -5*g + 22 = -b - 2*b. Let j = -75 - -110. Calculate the highest common divisor of j and g.
5
Suppose 8*a = 13*a - 415. Let x = a - 15. Calculate the highest common divisor of 17 and x.
17
Let d = 532 - 480. Suppose 2 = -y, -5*m + 3*y + 42 = 11. Suppose 3*u - 377 = -m*i + 258, 4*i = u + 525. Calculate the highest common factor of d and i.
26
Let x = 532 + -1426. Let d = -883 - x. Calculate the greatest common divisor of d and 341.
11
Suppose -4*n = 5*g - 46, 2*n - 13 = -3*g + 15. Suppose 0 = -8*f + g*f - 378. Calculate the highest common factor of f and 21.
21
Let q = -6401 + 6711. Calculate the greatest common factor of q and 110.
10
Let y be (-216)/(-9)*117/6. Let p be (y/48)/(3 - 261/88). Calculate the highest common divisor of 44 and p.
22
Suppose 2*p - 71833 = -27*p. Suppose 5*q + 4994 = 9*q - 2*v, 5*v + p = 2*q. Calculate the highest common divisor of q and 9.
9
Suppose 5*p + 28 = -c, 3*c - 2*c + 2*p = -19. Let z be c*((2 - 8) + -2). Calculate the greatest common divisor of z and 234.
26
Let p = -6976 + 7060. Calculate the greatest common divisor of p and 532.
28
Suppose -5*o - 4*a - 236 - 304 = 0, 0 = 2*o + 4*a + 228. Let u = 137 + o. Calculate the greatest common divisor of 22 and u.
11
Suppose 5*y = -5*s + 1185, 3*y - 5*y = -5*s - 411. What is the greatest common factor of 6099 and y?
57
Let x be ((-4)/(-2)*1)/((-73)/438). Let f be (8/(-6))/(((-16)/x)/(-1)). What is the greatest common factor of 47 and f?
1
Suppose -551 = -3*i - 101. Let g be (250/15)/(6935/684 + -10). Calculate the highest common divisor of g and i.
30
Suppose 1482 = 2*f + 4*f. Suppose 5*l - f + 77 = 0. Suppose 3*q = -5*s + 516 + l, -220 = -2*s + 4*q. What is the greatest common factor of 10 and s?
10
Let k(f) = 34 + 17*f - 34*f + 2*f**3 - 12*f**2 - f**3 - 10*f. Let h be k(14). Calculate the greatest common factor of 624 and h.
48
Suppose 108 = -139*v + 148*v. Let q be (-5 - 1)*8*(-9)/36. What is the highest common factor of q and v?
12
Suppose -2*x + 5*j = 2*x - 59, -2*x + 5*j + 27 = 0. Suppose u - 3*h = 235, 3*u = 14*h - x*h + 650. Calculate the highest common factor of 55 and u.
55
Suppose -4*f - 11*m + 13*m + 8700 = 0, 0 = 5*f + 4*m - 10875. What is the highest common factor of f and 50?
25
Let k = -142 + 422. Let o = 307 - k. Calculate the highest common factor of o and 45.
9
Let i = 297 + 2632. Calculate the greatest common divisor of 29 and i.
29
Let v = 603 + -872. Let o = v + 390. What is the highest common divisor of 44 and o?
11
Let m(g) = 72*g - 915. Let h be m(13). What is the highest common factor of 6 and h?
3
Let x be 5/(300/(-8)) - (-236)/(-30). Let m be 7371/(-42)*x/3. What is the highest common divisor of m and 36?
36
Suppose -f + 5*w - 2*w = 396, 0 = -2*f - 3*w - 765. Let k = f - -423. Calculate the highest common divisor of k and 444.
12
Suppose -6*j + 97 - 13 = 0. Suppose -2*p = 5*u + 27, 3*u = 3*p - 2*p - j. Let y = p - -94. Calculate the greatest common factor of y and 31.
31
Let f = -22833 - -23346. What is the highest common divisor of f and 247?
19
Let p = 172 + -148. Suppose -p*c + 25*c + 4 = 0, -5*c + 265 = 5*n. Let t(w) = 2*w**2 + w + 2. Let q be t(4). Calculate the greatest common divisor of n and q.
19
Let z(o) = 130*o - 162. Let y be z(2). Calculate the greatest common divisor of y and 1421.
49
Let j(i) = -i**3 - 8*i**2 + 24*i + 38. Let w be j(-10). Let h be (38/(-4) - w)/(3/(-30)). What is the highest common factor of 100 and h?
25
Suppose -14*k - 30*k - 152 = -768. What is the greatest common divisor of k and 13692?
14
Suppose -13*i - 51 = -1819. What is the highest common factor of i and 476?
68
Let c be ((-4)/6)/((-58)/188790). What is the greatest common factor of c and 70?
70
Let r(h) = 2*h**2 + 146*h - 428. Let o be r(-76). What is the highest common divisor of o and 15946?
14
Suppose 1544 = -277*t + 273*t. Let w = t + 434. What is the highest common factor of 192 and w?
48
Let m = -122 - -125. Suppose 0 = -3*b - m*v + 462, -774 = -5*b - 6*v + 3*v. What is the highest common factor of 39 and b?
39
Let v(f) = f**2 + f + 50. Let c be v(0). Suppose 0 = 5*x - c + 225. Let o be 2/3 - x/15. What is the greatest common factor of 21 and o?
3
Let d(j) be the third derivative of -9*j**4/8 - 25*j**3/6 + 77*j**2. Let w be d(-1). What is the greatest common factor of w and 58?
2
Let z(y) = -y**2 - 7*y - 9. Let s be z(-4). Suppose 5*a - 85 = -s*c, -3*c = -4*a - 47 - 47. Calculate the highest common factor of c and 21.
3
Let d be -1 - -1 - (-38 - 1). Let s be (5 + 28/(-5))/((-2)/10). Suppose i = s*i - 26. Calculate the highest common divisor of d and i.
13
Let z(s) = -4*s**3 + 58*s**2 - 71*s - 57. Let g be z(13). What is the highest common factor of g and 28?
2
Let w(l) = 314*l - 1132. Let m be w(13). Calculate the highest common factor of m and 100.
50
Let q be 0 - -737 - (-37 + 45). Let s = q + -430. What is the greatest common divisor of s and 23?
23
Let w(d) = 356*d - 5578. Let f be w(16). What is the highest common factor of 57466 and f?
118
Let u = -14 - -15. Suppose 41 = 18*k + 329. Let r be u + 2/4 + (-488)/k. What is the greatest common divisor of 16 and r?
16
Suppose -16*p + 10022 = 2*o - 12*p, -5*p + 25040 = 5*o. Calculate the greatest common factor of 110 and o.
55
Let z(c) = -c - 13. Let g be z(-15). Suppose -g*p = a - 14 - 107, 3*a - 342 = p. Let y = 306 - 260. Calculate the greatest common factor of a and y.
23
Suppose 0 = 3*j + n + 2885 - 11492, -j = -5*n - 2901. Calculate the highest common divisor of j and 1595.
319
Let m(h) = 9*h**3 + 6*h**2 + 24*h - 264. Let k be m(7). What is the highest common factor of k and 720?
45
Let k(w) = w**3 - 24*w**2 + 79*w + 29. Let t be k(20). Let v be (-12)/t - (-264)/9. Calculate the highest common factor of 308 and v.
28
Let h = 253 - 219. Let g(x) = -2*x**2 + 66*x + 80. Let j be g(h). Calculate the highest common factor of 42 and j.
6
Let v(c) = -c**3 + 23*c**2 - 21*c - 10. Let x be v(22). Let q be x/8 + -1 - 4020/(-24). Calculate the greatest common divisor of 420 and q.
84
Suppose o = -2*b, -71*b + 16 = -69*b - 3*o. Suppose -4*n - 9 = -3*n. Let l be (-2)/9 + (-20)/n. What is the greatest common factor of b and l?
2
Suppose 21 = -3*f, -u - 29 = 2*u + 5*f. Calculate the highest common divisor of u and 101.
1
Suppose -9*c - 26 - 73 = 0. Let h be (-4)/22 + (-79)/c. Suppose h*m = -122 + 311. Calculate the greatest common divisor of 9 and m.
9
Suppose 5*z + r = 7204, -z - 2*r = 134 - 1582. Suppose 0 = -w + 2, -2*w = 4*g - 184. Calculate the highest common factor of z and g.
45
Let g = 5432 - 3920. Calculate the highest common factor of g and 162.
54
Let w be 750/(((-12)/(-9))/((-950)/(-75))). Calculate the greatest common factor of 95 and w.
95
Suppose 47*b - 7620 = 6433. Calculate the greatest common factor of 529 and b.
23
Suppose -6*x + 7*x = 17. Suppose -x*s + 364 = -21*s. Let f = s + 97. Calculate the highest common divisor of f and 30.
6
Let q be 4/(-10) - 72/(-5). Let l(c) = -1 + 24*c**2 - 23*c**2 - 34*c + c**2. Let z be l(18). Calculate the greatest common divisor of q and z.
7
Suppose -124 = 3*b - 157. Suppose b*g - 112 = 3441. What is the greatest common factor of 19 and g?
19
Let s(p) = 2*p**2 + 2*p + 6. Let n be s(-6). Let d = -1518 - -1566. Let k = n - d. What is the highest common divisor of k and 9?
9
Let d = -365 - -371. Suppose 3*x - d*x - 141 = -v, 3*v - 5*x = 435. What is the greatest common factor of v and 125?
25
Let r be ((-38)/(-76))/((-2)/(-12) - (-154)/(-960)). What is the greatest common divisor of r and 550?
10
Let n(f) = f**2 - 28*f + 106. Let a be n(23). Let j(i) = -29*i - 40. Let s be j(a). What is the greatest common factor of 17 and s?
17
Suppose 1981 = 3*r + 397. Suppose 13*b + 3*b - r = 0. What is the greatest common factor of 27 and b?
3
Suppose 34*w - 1 = 35*w. Let k be (1/(-1) - w - -2) + 169. Suppose 0 = -4*o + k + 93. What is the great